 6*o + 7. Let i be b(5). Calculate the highest common factor of i and u.
27
Let y(x) = x + 34. Let b be y(0). Suppose t - 4*n - 8 = -6*n, 0 = -3*t - n + b. Calculate the highest common factor of 108 and t.
12
Suppose -5*g - 3*a + 135 = 0, a = 5*g - 4*a - 135. Calculate the highest common factor of g and 36.
9
Suppose -p = -2*p + 3. Suppose -p*o = -2*o + 288. Let m = o + 409. Calculate the highest common divisor of m and 11.
11
Let k(u) = 3*u**2 + 6*u. Let o be k(-4). Suppose 3*z = -2*n + 58, n - z = 5 + o. What is the highest common factor of n and 58?
29
Suppose 0 = 2*p - 2*c + 16, -3*c = -2*c - 5. Let x = 7 - p. Let g be (3 - 2)/((-1)/(-110)). What is the greatest common divisor of g and x?
10
Suppose 2*z + 2*z = 0. Suppose 3*d + z*d = 264. Suppose 0 = w - 2*w + 11. Calculate the highest common factor of d and w.
11
Suppose -20 = -6*h + 5*h. Calculate the highest common factor of 5 and h.
5
Let a = 1 - -5. Calculate the greatest common divisor of a and 6.
6
Let r = -11 + 41. What is the highest common divisor of 6 and r?
6
Let g = 24 - -2. Suppose -2*r + 4*r - 26 = 0. Calculate the highest common divisor of g and r.
13
Suppose -19 = -3*c + 131. Suppose 4*b - 19 = -5*i + c, 0 = 2*b + 2*i - 36. Calculate the greatest common factor of 63 and b.
21
Let t = -1 + 8. Let c = 204 - 127. What is the greatest common divisor of t and c?
7
Let x(v) = -v**2 - 8*v + 1. Let r be x(-6). Let q(w) = 2 + 11*w + 0 - 1 - 2. Let i be q(6). Calculate the greatest common factor of r and i.
13
Suppose 50 = -2*i + 3*i. Suppose 3*a - i = -2*a. Calculate the greatest common divisor of a and 70.
10
Suppose 3*c + 5*r = 130, -5*r - 70 = -4*c + 3*c. What is the greatest common divisor of c and 250?
50
Let t(q) = q**2 - 3*q + 3. Let d be t(2). Suppose -z + 19 = -d. Calculate the greatest common divisor of 4 and z.
4
Suppose -t + 2*u = -3*u - 9, 3*t - 2*u = 92. Let s = -7 + 4. Let b be (20 - (s + 6))*5. Calculate the greatest common divisor of t and b.
17
Let n(r) = 2*r - 1. Let s be n(1). Let m(i) = -i**2 + 7. Let x be m(0). What is the highest common divisor of s and x?
1
Let t = -14 + 20. Let v be ((-4)/(-6))/((-4)/t). Let o be -11*1/v + 1. Calculate the greatest common factor of 18 and o.
6
Let f = 0 + 12. Suppose 2*s - f = -2. Calculate the highest common factor of s and 10.
5
Let i be -4*((-3)/6)/1. Let z be i/4 - (-21)/2. Calculate the highest common factor of 33 and z.
11
Let a be (2 - (-1)/(-4))*12. Suppose -a = -5*y + 39. Let h(g) = 5*g + 3. Let o be h(3). What is the highest common divisor of o and y?
6
Let x(g) = -2*g**3 - 5*g**2 - 9. Let w be x(-4). What is the highest common factor of w and 13?
13
Let j = -48 + 50. What is the highest common factor of j and 2?
2
Suppose -4 = 2*z - 4*z. Let o be -1 - (-2)/(-4)*18. Let b be (-8)/10*125/o. Calculate the greatest common divisor of b and z.
2
Suppose -c + 4*c = 12. Calculate the highest common divisor of c and 20.
4
Let l = -82 - -115. Calculate the greatest common factor of l and 55.
11
Let d(g) = -g**3 + 10*g**2 - 11*g + 20. Let v be d(9). Suppose 0 = n - 6 - 0. Let o be (-2)/n*-22*3. What is the greatest common divisor of o and v?
2
Let d be 4/2 - (5 + 3). Let t be (-1 + 1)/(-3) - d. Let k be ((-12)/t)/(1/(-2)). What is the greatest common factor of k and 4?
4
Let q(l) = -2*l**2 - 7*l + 10. Let v be q(-7). Let a = 58 + v. Calculate the highest common divisor of a and 95.
19
Let g(c) = 3*c - 35. Let t(n) = -n + 12. Let h(l) = 6*g(l) + 17*t(l). Let a be h(11). Let s be 3/(-6) + a/2. Calculate the highest common divisor of 18 and s.
2
Let k(o) = 53*o**2 - 3*o - 2. Let f be k(-2). Suppose 3*m - 5*x = -9, m + 2*x = 4*m. Suppose -56 = m*p - f. Calculate the highest common divisor of p and 10.
10
Let v(a) = 2*a + 4. Let s(c) = -c**2 + 7*c - 6. Let j be s(5). Let f be v(j). What is the highest common factor of 132 and f?
12
Let w = 32 - 25. What is the greatest common factor of w and 7?
7
Let u be 22/6 + 1 + (-6)/9. What is the highest common divisor of 8 and u?
4
Let y(q) = q + 26. Let p be y(-13). What is the greatest common factor of p and 65?
13
Let k = 2 + 46. Let s(j) = j + 46. Let g be s(-40). Calculate the highest common factor of g and k.
6
Let t(z) = 9*z**2 - 3*z - 4. Let q be t(3). What is the highest common factor of q and 17?
17
Suppose 4*w = p + 145 + 50, -4*w + 5*p = -175. Calculate the highest common divisor of 175 and w.
25
Let k(n) = -70*n. Let h be k(-2). Let u be 25*7/(h/32). Calculate the highest common divisor of u and 10.
10
Suppose 502 = -4*c + 1494. What is the highest common divisor of c and 8?
8
Let t = -5 + 9. Suppose -5*p - 48 = u - 3*u, 5*u - 86 = t*p. What is the greatest common divisor of u and 154?
14
Suppose -6*b + 2*b = -80. Suppose z - 5*z - 6 = 3*c, 5*c = -2*z - 10. Suppose 4*o - 3 - 13 = z. What is the greatest common factor of b and o?
4
Let f(c) be the second derivative of 11*c**3/6 + 2*c**2 - 3*c. Let l be f(4). What is the greatest common divisor of 6 and l?
6
Suppose 134 = t - 3*t. Let w = -45 - t. Suppose 4*j + 3*l = -2*l + 24, 3 = j + 2*l. Calculate the greatest common factor of w and j.
11
Suppose 3*m + 9 = -b, -b = 4*m - 2 + 15. Let d = m + 10. Calculate the highest common divisor of 12 and d.
6
Let n = -10 - -14. What is the highest common divisor of 16 and n?
4
Let g = 308 - 213. Calculate the greatest common divisor of 76 and g.
19
Let i(v) = v + 13. Let a(j) = -j**2 + 6*j + 3. Let x be a(7). Let u be i(x). Calculate the greatest common divisor of 45 and u.
9
Let l = -1 + 19. Suppose 5*f + 0*j - 69 = -j, -3*f + 2*j + 31 = 0. Let g = l - f. Calculate the greatest common factor of g and 45.
5
Suppose 17 + 23 = 5*n. Let j = -2 + n. What is the greatest common divisor of j and 6?
6
Let a = -33 + 45. What is the highest common factor of 3 and a?
3
Let v(b) = -b**3 - 10*b**2 - 11*b - 3. Let w be v(-9). Calculate the greatest common divisor of w and 15.
15
Suppose -2*x + 42 = 4*r, -5*x = -3*r - 1 - 0. Let d = -258 - -522. Suppose 4*a - d = a. What is the highest common factor of a and r?
8
Let q = 25 - 18. Suppose -3*l = 3*y - 15, -y - q*l + 3*l = -11. Let j be y/6*-2 + 2. What is the greatest common divisor of 2 and j?
1
Let p be 0 - 1 - 13 - 2. Let z = -11 - p. Suppose -h + 0*h - 5*s + 26 = 0, -5*h - z*s = -50. What is the highest common divisor of h and 12?
6
Let b be -5 + -1 + 0/(-3). Let t(n) = -12*n + 3. Let d be t(b). Suppose 8*u = 3*u + d. Calculate the highest common factor of 10 and u.
5
Suppose -168 = -0*l - 6*l. Calculate the highest common factor of l and 70.
14
Let l = -8 - -21. Let w = 17 - -35. Suppose 0 = 2*k + 2*k - w. Calculate the greatest common factor of l and k.
13
Let q = -20 - -32. Calculate the greatest common factor of q and 84.
12
Let u(h) = -4*h**2 + 5*h + 4*h**2 - 15*h - h**2. Let w be u(-5). Calculate the greatest common divisor of 100 and w.
25
Let b be 8/(3 - 14/6). Suppose 0*o - b = -4*o. Calculate the greatest common divisor of o and 9.
3
Suppose 2*l = k - 11, -4*l - 48 = -4*k - 12. Suppose -3*c - 125 = -5*z, 58 = 3*z - 4*c - 6. Calculate the greatest common divisor of k and z.
7
Let d = 160 - 101. Let w = d - 33. What is the highest common divisor of 13 and w?
13
Suppose 12 = 3*s - 105. Calculate the greatest common factor of 13 and s.
13
Suppose 117 = -6*m + 3*m. Let d = -19 - m. Suppose -3*y + 4*y - d = 0. What is the greatest common divisor of y and 8?
4
Let m(j) = -13*j - 7. Let o be m(-9). Calculate the highest common factor of o and 10.
10
Let i be (-3 + 2)/((-3)/15). Suppose -k + 1 = -i. What is the highest common factor of k and 42?
6
Suppose 30 = -5*q + 130. Let w be 94/10 - q/50. Calculate the greatest common factor of w and 9.
9
Suppose 0 = 8*z - 65 - 87. Let s = -29 + 67. Calculate the greatest common factor of s and z.
19
Let y(q) = q**2 - 4*q. Let j be y(2). Let g(z) = 14*z - 3. Let w be g(j). Let x = w + 83. What is the greatest common divisor of 6 and x?
6
Suppose 0*v + 5*f = 4*v - 500, -5*v + 2*f + 642 = 0. Calculate the highest common divisor of 26 and v.
26
Let f = 12 + 4. Let r(s) = -2*s - 12. Let l be r(-8). Calculate the highest common factor of l and f.
4
Let g = -13 - -47. Let d = -19 + g. What is the highest common factor of 6 and d?
3
Let a = 14 - 6. What is the greatest common divisor of 8 and a?
8
Let w be 2/(-